e remainder when 70 is divided by g?
10
Suppose 5*c - 3*l - 23 = 0, c - 4*l + 0*l - 8 = 0. Suppose -2*w + 61 = 3*n, -3*n - c = n. What is the remainder when w is divided by 12?
8
Suppose 0 = r + 3*r. Suppose -5*w + 3*w + 3*v + 66 = 0, -w + 4*v + 28 = r. Suppose -99 = 16*n - 259. What is the remainder when w is divided by n?
6
Suppose -58 = 7*u + 89. Let p = 50 + u. What is the remainder when p is divided by 8?
5
Let z(f) = f**3 + 5*f**2 - 6*f + 178. Suppose 4*m - m = 399. What is the remainder when m is divided by z(-8)?
31
Let m = 37 - 28. What is the remainder when 8 is divided by (-36)/(m/(-3)) - 5?
1
Let z = 1828 - 1444. What is the remainder when z is divided by 51?
27
What is the remainder when ((-9797)/(-202))/((-2)/(-8)) is divided by 33?
29
Let x = 858 - 667. What is the remainder when x is divided by 28?
23
Let l = 12 + 3. Let p(q) = -2*q**2 - 4 + 8*q**2 + 7*q**2 - q**2. What is the remainder when p(2) is divided by l?
14
Let p = -22 + 26. Suppose -45 - 71 = -p*f. What is the remainder when f is divided by 15?
14
Let c = 1366 + -1243. What is the remainder when 358 is divided by c?
112
Let c = 17 + -16. What is the remainder when c/(-2 + (-36)/(-16)) is divided by 2?
0
Let t be 5/(-20) - 1148/16 - 0. Let v = t - -97. Let m(g) = -g**3 + 5*g**2 + 2*g + 4. Calculate the remainder when v is divided by m(5).
11
Let w = 1479 + -1418. Let j = 9 + 7. What is the remainder when w is divided by j?
13
Let u(d) = -5*d**3 - 2*d**2 - d. Let h be u(-2). What is the remainder when 94 is divided by (-15 + h)/(0 - -1)?
18
Let l(y) = 2*y**2 - 4*y. Let u be l(-4). Suppose 4*g - 4*k = u, -3*k + 21 = g - k. Suppose 7*v = 2*v + g. What is the remainder when 3 is divided by v?
0
Suppose -b + 0*b - h + 17 = 0, 3*h + 34 = 2*b. Calculate the remainder when (0 + (-58)/(-6))*3 is divided by b.
12
Let q be -2*6*(-4)/(-12). Calculate the remainder when 13 + (4 - 1) - q is divided by 8.
4
Let s = -2308 - -2315. Let v(z) = z**3 + 9*z**2 + 8*z + 10. Suppose -4*n + 2*n - 16 = 0. What is the remainder when v(n) is divided by s?
3
Suppose 0*z - 3*z + 30 = 0. Calculate the remainder when 16/(z/12*(-72)/(-90)) is divided by 5.
4
Calculate the remainder when 6/2 + ((-2160)/(-12) - -10) is divided by 15.
13
Let x be 0 - -6*(3 - 2). Suppose -3 + 68 = 5*i. Let r = i - x. What is the remainder when 11 is divided by r?
4
Let b be (-4)/(-18) + (-595)/45. Let w = b - -5. Let f = w - -11. What is the remainder when 7 is divided by f?
1
Suppose s - 31 = 52. Let o = -36 + s. Calculate the remainder when o is divided by 17.
13
Suppose 0*o = 3*a + 3*o - 54, -4 = -o. Suppose a*j = 6*j + 368. What is the remainder when j is divided by 17?
12
Suppose 3*y + 67 = 5*d + 4*y, -3*d = -y - 37. Let u(t) = -t**3 - 5*t**2 + t - 8. Calculate the remainder when u(-6) is divided by d.
9
Let b be (-3 - -2)/(1/(-3)). Suppose -7*n + 2*n = -35. Suppose -s = -n + b. Calculate the remainder when 7 is divided by s.
3
Let h(t) = t**3 - 6*t**2 + 2*t + 3. Let g(k) = -3*k**3 - 87*k**2 - k + 30. What is the remainder when g(-29) is divided by h(6)?
14
Let c(u) = -u**2 + 0*u**2 + 6 - 17*u + 6. Calculate the remainder when c(-9) is divided by 29.
26
Let c(i) = -i**2 - 14*i + 15. Let u be c(-15). Suppose 2*r + 2*g - 16 = 12, u = -2*r + 3*g + 33. What is the remainder when 26 is divided by r?
11
Let k = 5 - -7. What is the remainder when k is divided by 12?
0
Suppose h = -8 + 2. Let y = 17 - h. Calculate the remainder when y is divided by 8.
7
Suppose 3*z - 6789 = -28*z. Calculate the remainder when z is divided by 25.
19
Suppose -9*d = -4*d - 3*w - 37, 5*w = 2*d - 30. What is the remainder when 26 is divided by -3*d/((-10)/6)?
8
Suppose 2*j - 1313 = -3*h, 22*j - 21*j - 5*h = 624. What is the remainder when j is divided by 82?
75
Let x be (-4)/6 - 584/(-12). Let k be x/(3 - 2 - 0). Let q = k + 0. What is the remainder when q is divided by 17?
14
Let z = 60 - -23. Suppose 8*r - z = 45. Calculate the remainder when 46 is divided by r.
14
Let q(n) = 10*n**2 - 19*n + 7. Let b(r) = -7*r**2 + 13*r - 5. Let o(u) = 7*b(u) + 5*q(u). Calculate the remainder when 12 is divided by o(5).
2
Let q = 16 - 14. Suppose 3*k + 15 - 70 = -5*i, -q*k + 3*i = -24. Let u(h) = 2*h + 11. What is the remainder when u(8) is divided by k?
12
Let f(q) = -q**3 + 8*q**2 - 8*q + 12. Let o be f(7). Let g = o - 14. Let w = g - -17. Calculate the remainder when 22 is divided by w.
6
What is the remainder when (-24)/4 - -23 - -3 is divided by 2*6/(-4)*10/(-2)?
5
Suppose 1899 = 58*h - 3147. Let g(a) = a**2 - a + 2. Calculate the remainder when h is divided by g(-6).
43
Suppose 3*m + z - 119 = 0, -2*m - 12*z = -8*z - 96. Calculate the remainder when m is divided by 35.
3
Let i(w) = 13*w**2 + 2*w + 2. Calculate the remainder when i(-2) is divided by 273/26 - 3/2.
5
Calculate the remainder when 199 + -196 - (0 + (-78)/1) is divided by 23.
12
Suppose -3 = -r + 1. Suppose b + 66 = -r*w, 4*b + 13 = 5. Let f = 25 + w. What is the remainder when f is divided by 6?
3
Suppose -6*r = -8*r - 2*m + 1184, -3*m = 2*r - 1179. Calculate the remainder when r is divided by 30.
27
Suppose -2*g + 2*x = -30, 2*g - 15 = 3*x + 15. Calculate the remainder when 8/8 + 175/7 is divided by g.
11
Let b(l) = l - 3. Let x be b(-7). Calculate the remainder when 15/x*(-6 + 0) is divided by 4.
1
Suppose 91*i - 3680 = -24*i. Calculate the remainder when 82 is divided by i.
18
Suppose -3*x + x = 0. Suppose 5*k - 20 = 4*s, k + 4*s + x = 4. What is the remainder when 7 is divided by k?
3
What is the remainder when ((-2)/((-4)/807))/(3/4) is divided by 36?
34
Let w = -147 - -160. Calculate the remainder when 635 is divided by w.
11
Suppose 220*r - 218*r = b - 23, 0 = b + 3*r - 38. Calculate the remainder when 0 - -1 - (-53 - 2) is divided by b.
27
Suppose -2*f + 6 = 0, -4*k - 111 = -7*k + f. Let p = k - 17. Calculate the remainder when 39 is divided by p.
18
Suppose -25 = -5*k, -f + 14 = k - 10. Suppose f = -3*h + 52. Let s(c) = -24*c + 3. What is the remainder when h is divided by s(0)?
2
Suppose 2*g = 5*w - 3, 1 = g - 0. Let r = 0 + -15. Let y = r - -16. What is the remainder when y is divided by w?
0
Suppose -2*v - 127 = -4*x + v, -x + 19 = -5*v. Let r be 130/(-11) - (-4)/(-22). Let a = 0 - r. Calculate the remainder when x is divided by a.
10
Let f(g) = 6*g**2 + g - 283. What is the remainder when f(16) is divided by 41?
39
Let d = 53 + -13. What is the remainder when (826/56)/((-1)/(-8)) is divided by d?
38
Let g be 72/(-20)*5/(-2). Suppose -3*d = -g*d + 12. What is the remainder when 7 is divided by d?
1
Suppose -2*a + 44 = -0. Let y = -6602 + 6608. What is the remainder when a is divided by y?
4
Let c = 89 - 76. Let s(y) = y**3 - 11*y**2 - 18*y - 1. What is the remainder when s(c) is divided by 15?
13
Suppose -4*m + 6056 = -1124. What is the remainder when m is divided by 29?
26
Suppose -2*i = -4 - 8. Let c be ((-64)/(-4 + 0))/2. What is the remainder when -1 + 19 + (c - 4) is divided by i?
4
Let b(p) = -p - 35 + 12 + 22 + 0*p - p**2. Let u(x) = -2*x**2 - 11*x - 3. Let g(i) = 3*b(i) - u(i). Calculate the remainder when 47 is divided by g(6).
11
Let t be -2 - 0 - (-11 + (6 - 3)). What is the remainder when 33 is divided by -12*(-3)/t + (3 - 3)?
3
Suppose -5*a + 90 = u, -2*a - 102 + 126 = -2*u. Let k = 10 + 22. Calculate the remainder when k is divided by a.
15
Suppose 24*r + 6*r = 270. Let o = 29 + -4. Calculate the remainder when o is divided by r.
7
Let h = 1635 - 1498. What is the remainder when h is divided by 28?
25
Suppose -2*w - 32*w + 646 = 0. Calculate the remainder when 30 is divided by w.
11
Let k = -76 + 87. Suppose 64 + k = 5*d. Calculate the remainder when 55 is divided by d.
10
Suppose 417 = 3*u + 3*h, -5*h - 2 = -7. Let i = -148 + 168. Calculate the remainder when u is divided by i.
18
Suppose -7*b + 114 = -4*b. What is the remainder when (-97)/194 + (-2)/(8/(-298)) is divided by b?
36
Let i(b) = b**2 + 9*b - 10. Calculate the remainder when i(-12) is divided by 9.
8
Let r(w) = 7*w + 3. Let z be r(1). Let v(k) = -2*k + 44. Let o(j) = -2*j**3 - 6*j**2 - 3*j + 1. Calculate the remainder when o(-4) is divided by v(z).
21
Suppose -2*n - 4 = 2*n, 3*c - 2*n = 74. Let x = -3 + 72. Calculate the remainder when x is divided by c.
21
Calculate the remainder when 2/(-13) + (-1